{"id":213,"date":"2025-12-18T22:03:21","date_gmt":"2025-12-18T21:03:21","guid":{"rendered":"https:\/\/dev-rl.fr\/gti\/?post_type=product&#038;p=213"},"modified":"2025-12-18T22:39:30","modified_gmt":"2025-12-18T21:39:30","slug":"module-dallumage-bosch-0227100123","status":"publish","type":"product","link":"https:\/\/dev-rl.fr\/gti\/boutique\/allumage\/modules-dallumage\/module-dallumage-bosch-0227100123\/","title":{"rendered":"Module allumage bosch 0227100123"},"content":{"rendered":"<ol>\n<li>\n<blockquote><p>Module d\u2019allumage mtr01 bosch 0 227 100 123 made in germany 080. C\u2019est le seul module allumage qui fonctionne parfaitement sur 309 gti16 405 mi16 bx 16 soupapes et 205 GTI 1.9 cata moteur dkz. Tous les autres mod\u00e8les de refabrication qui ont 7 broches provoquent des secousse en roulant dans les r\u00e9gimes interm\u00e9diaires.<\/p><\/blockquote>\n<\/li>\n<\/ol>\n","protected":false},"excerpt":{"rendered":"<p>Module bosch 309 gti16 405 mi16 bx 16 soupapes et 205 GTI 1.9 cata moteur dkz.<\/p>\n","protected":false},"featured_media":211,"template":"","meta":{"_acf_changed":false,"_kad_post_transparent":"default","_kad_post_title":"","_kad_post_layout":"default","_kad_post_sidebar_id":"","_kad_post_content_style":"default","_kad_post_vertical_padding":"default","_kad_post_feature":"","_kad_post_feature_position":"","_kad_post_header":false,"_kad_post_footer":false,"_kad_post_classname":""},"product_brand":[],"product_cat":[33],"product_tag":[],"class_list":{"0":"post-213","1":"product","2":"type-product","3":"status-publish","4":"has-post-thumbnail","6":"product_cat-modules-dallumage","8":"first","9":"instock","10":"shipping-taxable","11":"product-type-simple","12":"entry","13":"content-bg","14":"loop-entry"},"acf":[],"_links":{"self":[{"href":"https:\/\/dev-rl.fr\/gti\/wp-json\/wp\/v2\/product\/213","targetHints":{"allow":["GET"]}}],"collection":[{"href":"https:\/\/dev-rl.fr\/gti\/wp-json\/wp\/v2\/product"}],"about":[{"href":"https:\/\/dev-rl.fr\/gti\/wp-json\/wp\/v2\/types\/product"}],"wp:featuredmedia":[{"embeddable":true,"href":"https:\/\/dev-rl.fr\/gti\/wp-json\/wp\/v2\/media\/211"}],"wp:attachment":[{"href":"https:\/\/dev-rl.fr\/gti\/wp-json\/wp\/v2\/media?parent=213"}],"wp:term":[{"taxonomy":"product_brand","embeddable":true,"href":"https:\/\/dev-rl.fr\/gti\/wp-json\/wp\/v2\/product_brand?post=213"},{"taxonomy":"product_cat","embeddable":true,"href":"https:\/\/dev-rl.fr\/gti\/wp-json\/wp\/v2\/product_cat?post=213"},{"taxonomy":"product_tag","embeddable":true,"href":"https:\/\/dev-rl.fr\/gti\/wp-json\/wp\/v2\/product_tag?post=213"}],"curies":[{"name":"wp","href":"https:\/\/api.w.org\/{rel}","templated":true}]}}